{"id":857,"date":"2018-08-07T19:40:07","date_gmt":"2018-08-07T17:40:07","guid":{"rendered":"http:\/\/www.airoller.fr\/wordpress\/?page_id=857"},"modified":"2025-09-07T13:35:48","modified_gmt":"2025-09-07T11:35:48","slug":"les-randonnees","status":"publish","type":"page","link":"https:\/\/www.airoller.fr\/wordpress\/les-randonnees\/","title":{"rendered":"Les randonn\u00e9es"},"content":{"rendered":"<p>\u00a0<\/p>\n<p style=\"text-align: left;\">Air Roller organise la <a href=\"#ndr\">Nuit du Roller<\/a> de Bordeaux tous les derniers vendredis de chaque mois.<\/p>\n<p style=\"text-align: left;\"><a href=\"#liste\">Acc\u00e9dez directement \u00e0 la liste des randos en cliquant ici<\/a> !<\/p>\n<p style=\"text-align: left;\">Cette randonn\u00e9e est gratuite et ouverte \u00e0 tous. Les mineurs doivent \u00eatre accompagn\u00e9s d&rsquo;un adulte et le port des protections est vivement recommand\u00e9.<\/p>\n<p>De plus, l&rsquo;association organise parfois d&rsquo;autres randonn\u00e9es ouvertes \u00e0 tous et toutes ou \u00e0 ses adh\u00e9rents (rando plage l&rsquo;\u00e9t\u00e9, randonn\u00e9e \u00e0 th\u00e8me, randonn\u00e9e en partenariat avec le comit\u00e9 d\u00e9partemental&#8230;). Les informations seront partag\u00e9es ici sur cette page.<\/p>\n<h3>La Nuit du Roller<\/h3>\n<p align=\"justify\"><img loading=\"lazy\" decoding=\"async\" class=\"aligncenter size-large wp-image-2916\" src=\"https:\/\/www.airoller.fr\/wordpress\/wp-content\/uploads\/2025\/09\/CouvRando-BAN-FB-_2-602x629.png\" alt=\"\" width=\"602\" height=\"629\" srcset=\"https:\/\/www.airoller.fr\/wordpress\/wp-content\/uploads\/2025\/09\/CouvRando-BAN-FB-_2-602x629.png 602w, https:\/\/www.airoller.fr\/wordpress\/wp-content\/uploads\/2025\/09\/CouvRando-BAN-FB-_2-287x300.png 287w, https:\/\/www.airoller.fr\/wordpress\/wp-content\/uploads\/2025\/09\/CouvRando-BAN-FB-_2-768x802.png 768w, https:\/\/www.airoller.fr\/wordpress\/wp-content\/uploads\/2025\/09\/CouvRando-BAN-FB-_2-1470x1536.png 1470w, https:\/\/www.airoller.fr\/wordpress\/wp-content\/uploads\/2025\/09\/CouvRando-BAN-FB-_2-1960x2048.png 1960w, https:\/\/www.airoller.fr\/wordpress\/wp-content\/uploads\/2025\/09\/CouvRando-BAN-FB-_2-900x940.png 900w, https:\/\/www.airoller.fr\/wordpress\/wp-content\/uploads\/2025\/09\/CouvRando-BAN-FB-_2-1280x1337.png 1280w\" sizes=\"auto, (max-width: 602px) 100vw, 602px\" \/><i><\/i><\/p>\n<p align=\"justify\"><i>\u00c0 la nuit tomb\u00e9e, faites chauffer les roulettes et venez nous rejoindre pour une randonn\u00e9e endiabl\u00e9e dans les rues de Bordeaux.<\/i><\/p>\n<p align=\"justify\">La N<b>uit du Roller<\/b> s&rsquo;\u00e9lance de la Place <strong>Gambetta<\/strong>, le dernier vendredi de chaque mois d\u00e8s <strong>20h00<\/strong>, pour deux boucles cons\u00e9cutives de randonn\u00e9e s\u00e9curis\u00e9es par une \u00e9quipe de staffeurs issus de l&rsquo;association Air et des autres clubs de roller de l&rsquo;agglom\u00e9ration de Bordeaux.<\/p>\n<p>La <b>premi\u00e8re boucle<\/b>, d&rsquo;environ 5 km, est recommand\u00e9e aux d\u00e9butants. Si vous savez avancer, tourner, et peut \u00eatre m\u00eame freiner, venez d\u00e9couvrir de nouvelles sensations grisantes en roulant sur la route, en passant les rails du tram ou en roulant sur les plaques d&rsquo;\u00e9gouts.<\/p>\n<p align=\"justify\">La <b>deuxi\u00e8me boucle<\/b>, de 15 \u00e0 20 km, s&rsquo;adresse plut\u00f4t aux patineurs exp\u00e9riment\u00e9s en qu\u00eate d&rsquo;une session plus intense de randonn\u00e9e roller, \u00e0 Bordeaux ou dans les villes voisines.<\/p>\n<h3>Partenariat avec la boutique Jack&rsquo;N&rsquo;Roll<\/h3>\n<p align=\"justify\">Vous souhaitez venir tester la Nuit de Roller mais n&rsquo;avez pas de patins ?<\/p>\n<p align=\"justify\">Le rendez-vous de la NDR se situe place Gambetta, devant la boutique Jack&rsquo;N&rsquo;Roll qui reste ouverte et propose de la location de roller. N&rsquo;h\u00e9sitez pas !<\/p>\n<h3>Liste des randonn\u00e9es<\/h3>\n<ul class=\"display-posts-listing\"><li class=\"listing-item\"><a class=\"title\" href=\"https:\/\/www.airoller.fr\/wordpress\/2026\/04\/13\/randonnee-roller-vendredi-24-avril-2026-20h\/\">Randonn\u00e9e Roller \u2013 Vendredi 24 avril 2026 \u2013 20h<\/a><\/li><li class=\"listing-item\"><a class=\"title\" href=\"https:\/\/www.airoller.fr\/wordpress\/2026\/03\/11\/randonnee-roller-vendredi-27-mars-2026-20h\/\">Randonn\u00e9e Roller &#8211; Vendredi 27 Mars 2026 &#8211; 20h<\/a><\/li><li class=\"listing-item\"><a class=\"title\" href=\"https:\/\/www.airoller.fr\/wordpress\/2026\/02\/08\/randonnee-ndr-vendredi-27-fevrier\/\">Randonn\u00e9e NDR &#8211; vendredi 27 f\u00e9vrier<\/a><\/li><li class=\"listing-item\"><a class=\"title\" href=\"https:\/\/www.airoller.fr\/wordpress\/2026\/01\/22\/randonnee-vendredi-30-janvier-2026\/\">ANNULEE Randonn\u00e9e &#8211; Vendredi 30 janvier 2026<\/a><\/li><li class=\"listing-item\"><a class=\"title\" href=\"https:\/\/www.airoller.fr\/wordpress\/2025\/11\/18\/randonnee-vendredi-28-novembre\/\">Randonn\u00e9e &#8211; Vendredi 28 novembre<\/a><\/li><\/ul>\n<p style=\"text-align: center;\"><a href=\"https:\/\/www.airoller.fr\/wordpress\/category\/evenements\/randos\/\">Toutes les randonn\u00e9es<\/a><\/p>\n<h3>R\u00e8glement des randonn\u00e9es<\/h3>\n<p>Vous pouvez consulter le r\u00e8glement int\u00e9rieur des randonn\u00e9es <a href=\"https:\/\/www.airoller.fr\/wordpress\/statutsreglement-interieur\/\">ici<\/a>.<\/p>\n\n","protected":false},"excerpt":{"rendered":"<p>\u00a0 Air Roller organise la Nuit du Roller de Bordeaux tous les derniers vendredis de chaque mois. Acc\u00e9dez directement \u00e0 la liste des randos en cliquant ici ! Cette randonn\u00e9e est gratuite et ouverte \u00e0 tous. Les mineurs doivent \u00eatre accompagn\u00e9s d&rsquo;un adulte et le port des protections est vivement recommand\u00e9. De plus, l&rsquo;association organise [&hellip;]<\/p>\n","protected":false},"author":3,"featured_media":0,"parent":0,"menu_order":0,"comment_status":"closed","ping_status":"closed","template":"","meta":{"_acf_changed":false,"footnotes":""},"class_list":["post-857","page","type-page","status-publish","hentry"],"acf":[],"_links":{"self":[{"href":"https:\/\/www.airoller.fr\/wordpress\/wp-json\/wp\/v2\/pages\/857","targetHints":{"allow":["GET"]}}],"collection":[{"href":"https:\/\/www.airoller.fr\/wordpress\/wp-json\/wp\/v2\/pages"}],"about":[{"href":"https:\/\/www.airoller.fr\/wordpress\/wp-json\/wp\/v2\/types\/page"}],"author":[{"embeddable":true,"href":"https:\/\/www.airoller.fr\/wordpress\/wp-json\/wp\/v2\/users\/3"}],"replies":[{"embeddable":true,"href":"https:\/\/www.airoller.fr\/wordpress\/wp-json\/wp\/v2\/comments?post=857"}],"version-history":[{"count":28,"href":"https:\/\/www.airoller.fr\/wordpress\/wp-json\/wp\/v2\/pages\/857\/revisions"}],"predecessor-version":[{"id":2924,"href":"https:\/\/www.airoller.fr\/wordpress\/wp-json\/wp\/v2\/pages\/857\/revisions\/2924"}],"wp:attachment":[{"href":"https:\/\/www.airoller.fr\/wordpress\/wp-json\/wp\/v2\/media?parent=857"}],"curies":[{"name":"wp","href":"https:\/\/api.w.org\/{rel}","templated":true}]}}