{"id":99,"date":"2017-08-10T12:57:39","date_gmt":"2017-08-10T10:57:39","guid":{"rendered":"http:\/\/www.airoller.fr\/wordpress\/?page_id=99"},"modified":"2025-09-07T13:20:26","modified_gmt":"2025-09-07T11:20:26","slug":"cours-et-sections","status":"publish","type":"page","link":"https:\/\/www.airoller.fr\/wordpress\/cours-et-sections\/","title":{"rendered":"Cours et sections"},"content":{"rendered":"\n<p>Tous nos cours et sections, <a href=\"#jeune\">jeunes<\/a> et <a href=\"#adulte\">adultes<\/a> pour la saison 2025-2026, en un coup d\u2019\u0153il :<\/p>\n<table class=\" aligncenter\" style=\"width: 110.697805%; height: 960px;\">\n<tbody>\n<tr style=\"height: 22px;\">\n<td style=\"width: 102.666348%; height: 31px;\" colspan=\"4\"><strong>Jeunes<\/strong><a id=\"jeune\"><\/a><\/td>\n<\/tr>\n<tr style=\"height: 68px;\">\n<td style=\"width: 16.741139%; height: 68px;\">4 \u00e0 12&nbsp;ans<\/td>\n<td style=\"width: 17.068371%; height: 68px;\"><strong><a href=\"https:\/\/www.airoller.fr\/wordpress\/jeunes-et-rando\/\">Ecole de patinage<\/a><\/strong><\/td>\n<td style=\"width: 23.40495%; height: 68px;\">Samedi<br>10h00 &#8211; 11h30<\/td>\n<td style=\"width: 45.451888%; height: 68px;\"><a href=\"https:\/\/umap.openstreetmap.fr\/fr\/map\/spots_162398#15\/44.8603\/-0.5618\" target=\"_blank\" rel=\"noopener\">Gymnase Dupaty &#8211; Chartrons<\/a><\/td>\n<\/tr>\n<tr style=\"height: 68px;\">\n<td style=\"width: 16.741139%; height: 68px;\">12 \u00e0 17 ans<\/td>\n<td style=\"width: 17.068371%; height: 68px;\"><a href=\"https:\/\/www.airoller.fr\/wordpress\/cours-et-sections\/12-a-17-ans-roller-mix-ado\/\"><strong>Mix Ado<\/strong><\/a><\/td>\n<td style=\"width: 23.40495%; height: 68px;\">Mercredi<br>17h00 &#8211; 18h30<\/td>\n<td style=\"width: 45.451888%; height: 68px;\"><a href=\"https:\/\/umap.openstreetmap.fr\/fr\/map\/spots_162398#15\/44.8970\/-0.5689\" target=\"_blank\" rel=\"noopener\">Gymnase Colette Besson &#8211; Antennes Sportives Halle S2 &#8211; Bordeaux Lac<\/a><\/td>\n<\/tr>\n<tr style=\"height: 68px;\">\n<td style=\"width: 16.741139%; height: 68px;\">8 \u00e0 15 ans<\/td>\n<td style=\"width: 17.068371%; height: 68px;\"><strong><a href=\"https:\/\/www.airoller.fr\/wordpress\/freestyle-jeunes\/\">Freestyle&nbsp;(loisirs)<\/a><\/strong><\/td>\n<td style=\"width: 23.40495%; height: 68px;\">Samedi<br>11h30 &#8211; 12h30<\/td>\n<td style=\"width: 45.451888%; height: 68px;\"><a href=\"https:\/\/umap.openstreetmap.fr\/fr\/map\/spots_162398#15\/44.8603\/-0.5618\" target=\"_blank\" rel=\"noopener\">Gymnase Dupaty &#8211; Chartrons<\/a><\/td>\n<\/tr>\n<tr style=\"height: 68px;\">\n<td style=\"width: 16.741139%; height: 68px;\">8 \u00e0 15 ans<\/td>\n<td style=\"width: 17.068371%; height: 68px;\"><strong><a href=\"https:\/\/www.airoller.fr\/wordpress\/freestyle-jeunes\/\">Freestyle<br>slalom (comp\u00e9tition)<\/a><\/strong><\/td>\n<td style=\"width: 23.40495%; height: 68px;\">Samedi<br>14h00 &#8211; 15h30<\/td>\n<td style=\"width: 45.451888%; height: 68px;\"><a href=\"https:\/\/umap.openstreetmap.fr\/fr\/map\/spots_162398#15\/44.8603\/-0.5618\" target=\"_blank\" rel=\"noopener\">Gymnase Dupaty &#8211; Chartrons<\/a><\/td>\n<\/tr>\n<tr style=\"height: 68px;\">\n<td style=\"width: 16.741139%; height: 68px;\">En famille<\/td>\n<td style=\"width: 17.068371%; height: 68px;\"><strong><a href=\"https:\/\/www.airoller.fr\/wordpress\/famille\/\">Family roller<\/a><\/strong><\/td>\n<td style=\"width: 23.40495%; height: 68px;\">Samedi<br>13h00 &#8211; 14h00<\/td>\n<td style=\"width: 45.451888%; height: 68px;\"><a href=\"https:\/\/umap.openstreetmap.fr\/fr\/map\/spots_162398#15\/44.8603\/-0.5618\" target=\"_blank\" rel=\"noopener\">Gymnase Dupaty &#8211; Chartrons<\/a><\/td>\n<\/tr>\n<tr style=\"height: 22px;\">\n<td style=\"width: 102.666348%; height: 30px;\" colspan=\"4\"><strong>Adultes<\/strong><a id=\"adulte\"><\/a><\/td>\n<\/tr>\n<tr style=\"height: 68px;\">\n<td style=\"width: 16.741139%; height: 68px;\">D\u00e8s 16 ans<\/td>\n<td style=\"width: 17.068371%; height: 68px;\"><strong><a href=\"https:\/\/www.airoller.fr\/wordpress\/sports-co\/\">Sports Co<\/a><\/strong><\/td>\n<td style=\"width: 23.40495%; height: 68px;\">Lundi<br>18h00 &#8211; 19h30<\/td>\n<td style=\"width: 45.451888%; height: 68px;\"><a href=\"https:\/\/umap.openstreetmap.fr\/fr\/map\/spots_162398#15\/44.8970\/-0.5689\" target=\"_blank\" rel=\"noopener\">Gymnase Colette Besson &#8211; Antennes Sportives Halle S2 &#8211; Bordeaux Lac<\/a><\/td>\n<\/tr>\n<tr style=\"height: 68px;\">\n<td style=\"width: 16.741139%; height: 68px;\">D\u00e8s 16&nbsp;ans<\/td>\n<td style=\"width: 17.068371%; height: 68px;\"><strong><a href=\"https:\/\/www.airoller.fr\/wordpress\/des-16-ans-adultes\/\">Roller outdoor<\/a><\/strong><\/td>\n<td style=\"width: 23.40495%; height: 68px;\">Mardi<br>19h15 &#8211; 20h30<\/td>\n<td style=\"width: 45.451888%; height: 68px;\"><a href=\"https:\/\/umap.openstreetmap.fr\/fr\/map\/spots_162398#15\/44.8445\/-0.5686\" target=\"_blank\" rel=\"noopener\">Quais de Bordeaux &#8211; Quais Louis XVIII (en face de la place des Quinconces)<\/a><\/td>\n<\/tr>\n<tr style=\"height: 68px;\">\n<td style=\"width: 16.741139%; height: 39px;\">D\u00e8s 16&nbsp;ans<\/td>\n<td style=\"width: 17.068371%; height: 39px;\"><strong><a href=\"https:\/\/www.airoller.fr\/wordpress\/des-16-ans-adultes\/\">Roller indoor<\/a><\/strong><\/td>\n<td style=\"width: 23.40495%; height: 39px;\">Mercredi<br>20h30 &#8211; 22h00<\/td>\n<td style=\"width: 45.451888%; height: 39px;\">\n<p><a href=\"https:\/\/umap.openstreetmap.fr\/fr\/map\/spots_162398#15\/44.8970\/-0.5689\" target=\"_blank\" rel=\"noopener\">Gymnase Colette Besson &#8211; Antennes Sportives Halle S2 &#8211; Bordeaux Lac<\/a><\/p>\n<\/td>\n<\/tr>\n<tr style=\"height: 68px;\">\n<td style=\"width: 16.741139%; height: 35px;\">D\u00e8s 16&nbsp;ans<\/td>\n<td style=\"width: 17.068371%; height: 35px;\"><strong><a href=\"https:\/\/www.airoller.fr\/wordpress\/des-16-ans-roller-hockey\/\">Roller Hockey<\/a><\/strong><\/td>\n<td style=\"width: 23.40495%; height: 35px;\">Jeudi<br>20h15 &#8211; 21h45<\/td>\n<td style=\"width: 45.451888%; height: 35px;\">\n<p><a href=\"https:\/\/umap.openstreetmap.fr\/fr\/map\/spots_162398#15\/44.8603\/-0.5618\" target=\"_blank\" rel=\"noopener\">Gymnase Dupaty &#8211; Chartrons<\/a><\/p>\n<\/td>\n<\/tr>\n<tr style=\"height: 68px;\">\n<td style=\"width: 16.741139%; height: 68px;\">D\u00e8s 16&nbsp;ans<\/td>\n<td style=\"width: 17.068371%; height: 68px;\"><strong><a href=\"https:\/\/www.airoller.fr\/wordpress\/freestyle\/\">Freestyle<\/a><\/strong><\/td>\n<td style=\"width: 23.40495%; height: 68px;\">Mercredi<br>19h00 &#8211; 20h30<\/td>\n<td style=\"width: 45.451888%; height: 68px;\"><a href=\"https:\/\/umap.openstreetmap.fr\/fr\/map\/spots_162398#15\/44.8970\/-0.5689\" target=\"_blank\" rel=\"noopener\">Gymnase Colette Besson &#8211; Antennes Sportives Halle S2 &#8211; Bordeaux Lac<\/a><\/td>\n<\/tr>\n<tr style=\"height: 68px;\">\n<td style=\"width: 16.741139%; height: 68px;\">D\u00e8s 16 ans<\/td>\n<td style=\"width: 17.068371%; height: 68px;\"><strong><a href=\"https:\/\/www.airoller.fr\/wordpress\/freestyle\/\">Freestyle slalom (comp\u00e9tition)<\/a><\/strong><\/td>\n<td style=\"width: 23.40495%; height: 68px;\">Samedi<br>14h00 &#8211; 15h30<\/td>\n<td style=\"width: 45.451888%; height: 68px;\"><a href=\"https:\/\/umap.openstreetmap.fr\/fr\/map\/spots_162398#15\/44.8603\/-0.5618\" target=\"_blank\" rel=\"noopener\">Gymnase Dupaty &#8211; Chartrons<\/a><\/td>\n<\/tr>\n<\/tbody>\n<\/table>\n\n\n\n<p><img loading=\"lazy\" decoding=\"async\" class=\"aligncenter wp-image-2856 size-full\" src=\"https:\/\/www.airoller.fr\/wordpress\/wp-content\/uploads\/2025\/08\/FLYER_2025_WEB2.jpg\" alt=\"\" width=\"1748\" height=\"2480\" srcset=\"https:\/\/www.airoller.fr\/wordpress\/wp-content\/uploads\/2025\/08\/FLYER_2025_WEB2.jpg 1748w, https:\/\/www.airoller.fr\/wordpress\/wp-content\/uploads\/2025\/08\/FLYER_2025_WEB2-211x300.jpg 211w, https:\/\/www.airoller.fr\/wordpress\/wp-content\/uploads\/2025\/08\/FLYER_2025_WEB2-443x629.jpg 443w, https:\/\/www.airoller.fr\/wordpress\/wp-content\/uploads\/2025\/08\/FLYER_2025_WEB2-768x1090.jpg 768w, https:\/\/www.airoller.fr\/wordpress\/wp-content\/uploads\/2025\/08\/FLYER_2025_WEB2-1083x1536.jpg 1083w, https:\/\/www.airoller.fr\/wordpress\/wp-content\/uploads\/2025\/08\/FLYER_2025_WEB2-1444x2048.jpg 1444w, https:\/\/www.airoller.fr\/wordpress\/wp-content\/uploads\/2025\/08\/FLYER_2025_WEB2-900x1277.jpg 900w, https:\/\/www.airoller.fr\/wordpress\/wp-content\/uploads\/2025\/08\/FLYER_2025_WEB2-1280x1816.jpg 1280w\" sizes=\"auto, (max-width: 1748px) 100vw, 1748px\" \/><\/p>\n\n\n\n\n","protected":false},"excerpt":{"rendered":"<p>Tous nos cours et sections, jeunes et adultes pour la saison 2025-2026, en un coup d\u2019\u0153il : Jeunes 4 \u00e0 12&nbsp;ans Ecole de patinage Samedi10h00 &#8211; 11h30 Gymnase Dupaty &#8211; Chartrons 12 \u00e0 17 ans Mix Ado Mercredi17h00 &#8211; 18h30 Gymnase Colette Besson &#8211; Antennes Sportives Halle S2 &#8211; Bordeaux Lac 8 \u00e0 15 ans [&hellip;]<\/p>\n","protected":false},"author":3,"featured_media":1833,"parent":0,"menu_order":0,"comment_status":"closed","ping_status":"closed","template":"","meta":{"_acf_changed":false,"footnotes":""},"class_list":["post-99","page","type-page","status-publish","has-post-thumbnail","hentry"],"acf":[],"_links":{"self":[{"href":"https:\/\/www.airoller.fr\/wordpress\/wp-json\/wp\/v2\/pages\/99","targetHints":{"allow":["GET"]}}],"collection":[{"href":"https:\/\/www.airoller.fr\/wordpress\/wp-json\/wp\/v2\/pages"}],"about":[{"href":"https:\/\/www.airoller.fr\/wordpress\/wp-json\/wp\/v2\/types\/page"}],"author":[{"embeddable":true,"href":"https:\/\/www.airoller.fr\/wordpress\/wp-json\/wp\/v2\/users\/3"}],"replies":[{"embeddable":true,"href":"https:\/\/www.airoller.fr\/wordpress\/wp-json\/wp\/v2\/comments?post=99"}],"version-history":[{"count":87,"href":"https:\/\/www.airoller.fr\/wordpress\/wp-json\/wp\/v2\/pages\/99\/revisions"}],"predecessor-version":[{"id":2912,"href":"https:\/\/www.airoller.fr\/wordpress\/wp-json\/wp\/v2\/pages\/99\/revisions\/2912"}],"wp:featuredmedia":[{"embeddable":true,"href":"https:\/\/www.airoller.fr\/wordpress\/wp-json\/wp\/v2\/media\/1833"}],"wp:attachment":[{"href":"https:\/\/www.airoller.fr\/wordpress\/wp-json\/wp\/v2\/media?parent=99"}],"curies":[{"name":"wp","href":"https:\/\/api.w.org\/{rel}","templated":true}]}}